{"id":1411,"date":"2023-09-01T14:54:24","date_gmt":"2023-09-01T12:54:24","guid":{"rendered":"https:\/\/sampay-ne.com\/?page_id=1411"},"modified":"2023-09-01T17:38:20","modified_gmt":"2023-09-01T15:38:20","slug":"cartes-virtuelles","status":"publish","type":"page","link":"https:\/\/sampay-ne.com\/index.php\/cartes-virtuelles\/","title":{"rendered":"Cartes virtuelles"},"content":{"rendered":"<section class=\"wpb-content-wrapper\"><p>[vc_row][vc_column width=&#8221;1\/2&#8243;][vc_empty_space][vc_empty_space][vc_empty_space][vc_empty_space][vc_custom_heading text=&#8221;Cr\u00e9ez vos cartes virtuelles Visa et Mastercard internationales&#8221; font_container=&#8221;tag:h2|text_align:center|color:%234f5cde&#8221; use_theme_fonts=&#8221;yes&#8221;][vc_column_text]Cr\u00e9ez, g\u00e9rez et distribuez de mani\u00e8re automatique des cartes physiques et virtuelles vous permettant de faire vos paiements en toute s\u00e9curit\u00e9. Les cartes Sampay munies de la technologie sans contact NFC vous serviront pour les achats dans les boutiques de Niamey.[\/vc_column_text][vc_btn title=&#8221;Obtenir ma carte&#8221; color=&#8221;warning&#8221; align=&#8221;center&#8221; link=&#8221;url:https%3A%2F%2Fapps.sampay-ne.com%2Flogin&#8221;][\/vc_column][vc_column width=&#8221;1\/2&#8243;][vc_single_image image=&#8221;1435&#8243; img_size=&#8221;full&#8221; alignment=&#8221;center&#8221;][\/vc_column][\/vc_row][vc_row][vc_column][vc_custom_heading text=&#8221;Plusieurs fonctionnalit\u00e9s&#8221; font_container=&#8221;tag:h2|text_align:center|color:%234f5cde&#8221; use_theme_fonts=&#8221;yes&#8221;][vc_empty_space][\/vc_column][\/vc_row][vc_row][vc_column width=&#8221;1\/3&#8243;][vc_custom_heading text=&#8221;Rechargeables&#8221; font_container=&#8221;tag:h2|font_size:30|text_align:center|color:%234f5cde&#8221; use_theme_fonts=&#8221;yes&#8221;][vc_single_image image=&#8221;1437&#8243; alignment=&#8221;center&#8221; style=&#8221;vc_box_circle_2&#8243;][vc_column_text]<\/p>\n<p style=\"text-align: center;\">Les titulaires de cartes peuvent charger des cartes virtuelles\u00a0 depuis le confort de leur salon par mobile money ou par transfert d&#8217;argent national<\/p>\n<p>[\/vc_column_text][\/vc_column][vc_column width=&#8221;1\/3&#8243;][vc_custom_heading text=&#8221;Sans contact&#8221; font_container=&#8221;tag:h2|font_size:30|text_align:center|color:%234f5cde&#8221; use_theme_fonts=&#8221;yes&#8221;][vc_single_image image=&#8221;1438&#8243; alignment=&#8221;center&#8221; style=&#8221;vc_box_circle_2&#8243;][vc_column_text]<\/p>\n<p style=\"text-align: center;\">Exp\u00e9rience de paiement sans contact &#8211; la carte physique prend en charge la fonctionnalit\u00e9 NFC pour les paiements instantan\u00e9s dans des magasins.<\/p>\n<p>[\/vc_column_text][vc_empty_space][vc_empty_space][\/vc_column][vc_column width=&#8221;1\/3&#8243;][vc_custom_heading text=&#8221;3DS Secure&#8221; font_container=&#8221;tag:h2|font_size:30|text_align:center|color:%234f5cde&#8221; use_theme_fonts=&#8221;yes&#8221;][vc_single_image image=&#8221;1439&#8243; alignment=&#8221;center&#8221; style=&#8221;vc_box_circle_2&#8243;][vc_column_text]<\/p>\n<p style=\"text-align: center;\">3D Secure Mastercard SecureCode\u00ae pour les paiements en ligne afin de r\u00e9duire les risques de transactions frauduleuses et d&#8217;\u00e9viter les r\u00e9trofacturations.<\/p>\n<p>[\/vc_column_text][\/vc_column][\/vc_row][vc_row][vc_column][vc_single_image image=&#8221;1441&#8243; img_size=&#8221;full&#8221; alignment=&#8221;center&#8221;][\/vc_column][\/vc_row]<\/p>\n<\/section>","protected":false},"excerpt":{"rendered":"<p>[vc_row][vc_column width=&#8221;1\/2&#8243;][vc_empty_space][vc_empty_space][vc_empty_space][vc_empty_space][vc_custom_heading text=&#8221;Cr\u00e9ez vos cartes virtuelles Visa et Mastercard internationales&#8221; font_container=&#8221;tag:h2|text_align:center|color:%234f5cde&#8221; &#8230; <\/p>\n","protected":false},"author":1,"featured_media":0,"parent":0,"menu_order":0,"comment_status":"closed","ping_status":"closed","template":"","meta":[],"_links":{"self":[{"href":"https:\/\/sampay-ne.com\/index.php\/wp-json\/wp\/v2\/pages\/1411"}],"collection":[{"href":"https:\/\/sampay-ne.com\/index.php\/wp-json\/wp\/v2\/pages"}],"about":[{"href":"https:\/\/sampay-ne.com\/index.php\/wp-json\/wp\/v2\/types\/page"}],"author":[{"embeddable":true,"href":"https:\/\/sampay-ne.com\/index.php\/wp-json\/wp\/v2\/users\/1"}],"replies":[{"embeddable":true,"href":"https:\/\/sampay-ne.com\/index.php\/wp-json\/wp\/v2\/comments?post=1411"}],"version-history":[{"count":6,"href":"https:\/\/sampay-ne.com\/index.php\/wp-json\/wp\/v2\/pages\/1411\/revisions"}],"predecessor-version":[{"id":1442,"href":"https:\/\/sampay-ne.com\/index.php\/wp-json\/wp\/v2\/pages\/1411\/revisions\/1442"}],"wp:attachment":[{"href":"https:\/\/sampay-ne.com\/index.php\/wp-json\/wp\/v2\/media?parent=1411"}],"curies":[{"name":"wp","href":"https:\/\/api.w.org\/{rel}","templated":true}]}}